 -82 - s. What is the hundreds digit of t?
1
Let b(g) = -g - 1. Let k(i) = i**3 - 2*i**2 - 2*i - 3. Let t(a) = -2*b(a) + k(a). Let m be t(3). Let n(y) = -y**2 + 8*y + 11. What is the tens digit of n(m)?
1
Suppose 0 = -r - 3, r = -4*c + 412 + 341. Let k = c - 105. What is the units digit of k?
4
Suppose -9801 = -24*g - 3*g. What is the units digit of g?
3
Suppose -s = -4*v - 515, -5*s + 3*s + 1030 = -4*v. Suppose 6*m - m = s. Let n = m + -71. What is the units digit of n?
2
Let n = -242 + 429. What is the units digit of n?
7
Suppose 70*g + 308 = 71*g. What is the units digit of g?
8
Let a(d) = 4*d**3 - 2*d - 1. Let s be a(-1). Let j(l) = -14*l + 1. Let n be j(s). Let f = n - -3. What is the units digit of f?
6
Let a = 9 - 8. Let v be (-54)/(-30) + a/5. Suppose 2*s + 8 = -3*q + 38, -2*q + 20 = v*s. What is the units digit of q?
0
Suppose -6*y + 22*y = 18544. What is the thousands digit of y?
1
Let f be (0 - 6)/2 + 29. Let w be f/10 + 21/(-35). Suppose -2*t - w*t = 4*y - 28, 4*t = -2*y + 26. What is the units digit of t?
6
Let a(n) be the first derivative of 6*n**2 - 10*n - 18. What is the tens digit of a(4)?
3
Suppose -v - 2*v = -f - 24, 5*v = f + 34. Let d(u) = 34*u**2 + 1. Let q be d(-1). Let o = f + q. What is the tens digit of o?
2
Let w(u) = 29*u**2 - 2*u + 6. What is the hundreds digit of w(4)?
4
Let c(i) = 4. Suppose 3*b = 4*g + 2, 4*b - 1 = 2*g + 5. Let v(k) = -k + 20. Let n(h) = b*v(h) - 11*c(h). What is the units digit of n(-3)?
2
Let p be 1/(-2*1/(-2)). Let d be p/(-3) + (-16)/(-3). Suppose -u = d*l + 5, 18 = 4*u - 0*u + l. What is the units digit of u?
5
Suppose 4*b + 5*r - 3 = 43, b - 3*r = 3. Suppose -8*t - 74 = -b*t. What is the tens digit of t?
7
Suppose q - 30 = -0*q. Suppose 0 = 13*i + 3*i + 192. Let f = q + i. What is the units digit of f?
8
Let a(k) = -135*k**3 + 3*k**2 - 10*k - 34. What is the thousands digit of a(-3)?
3
What is the hundreds digit of 74034/(-153)*-1 + 4/34?
4
Let f = -142 - -166. Suppose 5*m - 14 = -y, m = 2*y - 4 + 9. Let s = f + y. What is the units digit of s?
3
Let x(n) = -n**2 + 7*n - 6. Let h be x(5). Let a be 0 + (1 + 575)/4. Suppose h*t - a = -20. What is the units digit of t?
1
Let t(a) = 74*a**2 - 41*a + 76. What is the tens digit of t(2)?
9
Suppose -19 - 31 = 5*f. What is the units digit of 4/(-10) + (-604)/f?
0
Suppose 0 = 9*b - 19 + 1. Let v be ((-10)/30)/(b/(-36)). What is the units digit of v/9 + (-520)/(-12)?
4
Let x = 1915 - 977. What is the hundreds digit of x?
9
Suppose 4*x - 2*c - 276 = 0, 5*c - 146 = -2*x + 2*c. Suppose 4*t - w = -82, -4*t + 0*w - 5*w - x = 0. Let y = t + 31. What is the tens digit of y?
1
What is the tens digit of ((-2835)/42)/(4/(-200))?
7
Suppose 42 = 7*d - 7. Let n be (-2)/6*(d - 37). Suppose c = 2*c - n. What is the units digit of c?
0
Let k(v) = -1 - 16*v + 8 - 12*v. Let t(q) = 19*q - 5. Let g(b) = 5*k(b) + 7*t(b). What is the units digit of g(-2)?
4
Let w(n) be the second derivative of n**5/20 - n**4/4 - n**3/3 - n**2 - 2*n. Let g(y) = y + 13. Let d be g(-9). What is the units digit of w(d)?
6
Let j(x) = 21*x - 40. What is the tens digit of j(5)?
6
Let m = -347 - -1253. What is the tens digit of m?
0
Suppose 29050 = -100*o + 110*o. What is the thousands digit of o?
2
Suppose 4*v - 15 = 1. Suppose 8*b = v*b + 72. What is the units digit of b?
8
Let a(y) be the second derivative of 3*y**5/20 - 2*y**3/3 - 5*y**2/2 + 54*y. What is the units digit of a(4)?
1
Suppose 5*u - 2*j - 2275 = -7*j, 0 = u - j - 463. What is the units digit of u?
9
Let j be -1 - 1 - (-24)/2. Suppose -j = -2*d + 28. What is the units digit of d?
9
Let h(k) = 21*k - 5. Let a be (-364)/(-65) - (-2)/5. What is the units digit of h(a)?
1
Let t be (-2)/6 + (-561)/(-9). Let m = t + -2. What is the tens digit of m?
6
Let o(m) = m**3 + m**2 + 21. Suppose -3 - 5 = -4*i. Let u = i + -2. What is the units digit of o(u)?
1
Let f be ((-4)/(-10))/(1/40). Let m(z) be the second derivative of z**4/12 - 7*z**3/3 + 9*z**2 - 11*z - 1. What is the units digit of m(f)?
0
Let x(u) be the first derivative of -u**3/3 + 9*u**2/2 + 5*u + 11. Let f be x(9). Suppose 4*t - t - 2*q = 157, -3*t - f*q = -185. What is the units digit of t?
5
What is the thousands digit of 24/52 + 706743/117?
6
Suppose 4*r - 534 = m, 4*m + m - 3*r = -2585. Let l = -366 - m. Suppose -91 = -2*u + 5*n, -3*u = 2*n - l + 2. What is the units digit of u?
8
Let l be 8/(-6) - (-6)/(-9). Suppose y + y - 2 = 0. Let v = y - l. What is the units digit of v?
3
Suppose l + 899 = 2*u + 105, -1986 = -5*u + 2*l. What is the tens digit of u?
9
Let y = 9041 + -5809. What is the units digit of y?
2
Suppose 4*c = 4*t + 12072, -c - 3*c + 5*t + 12071 = 0. What is the tens digit of c?
1
Let y = -46 - -64. Suppose 310 = 23*g - y*g. What is the units digit of g?
2
Suppose -5*z - 3*x + 5033 = 0, -2*x + 18 = 2*z - 1992. What is the hundreds digit of z?
0
Suppose -3*t + 13 = 1. Suppose t = 3*i - 110. What is the units digit of i?
8
Let r(q) = q + 1. Let s be r(2). Suppose 5*z + s*i = 52, 3*i + 0 + 14 = z. What is the units digit of 1 - (-1 + 1 - z)?
2
Suppose b - 4*g - 4958 = g, -4998 = -b - 3*g. What is the tens digit of b?
8
Let h(z) = -2*z + 6. Let j be h(2). What is the tens digit of (4/2)/(51/(-26) + j)?
5
Let a = 141 - 208. Let c = a - -158. What is the tens digit of c?
9
Suppose 1930 = 4*j - 3986. What is the thousands digit of j?
1
Let a(p) = 3*p**2 - p - 4. Let k be a(2). Suppose -3*i = -k*i - 225. Let q = -37 - i. What is the tens digit of q?
3
Let q(j) = -18*j**3 + 3*j - 1. Let x be q(-3). Suppose -55*o = -59*o + x. What is the hundreds digit of o?
1
Suppose -7*p + 18 = -3*p - 2*b, 0 = p - 2*b - 12. Suppose 2*o + 4*x = 26, p*o = -3*o + x + 10. Suppose -89 = -o*w + 22. What is the units digit of w?
7
Let s(c) = -24*c - 5 + 4 - 8 + 4. Let u = -3 + 1. What is the units digit of s(u)?
3
Let c = 89 + -49. What is the units digit of c + (-1)/(-2)*-4?
8
Let a(i) = -i**3 + 4*i**2. Let l be a(2). Let t = l - 8. Suppose 5*d - 2*x = 59, d + 0*d - x - 13 = t. What is the tens digit of d?
1
Let s = -44 - -48. Suppose 3*i - 405 = -i + 3*t, 4*t - 106 = -i. Suppose f + 3*f - 5*y = 67, s*f + 2*y = i. What is the tens digit of f?
2
Let u(m) = 256*m**2 - 7*m - 1. What is the thousands digit of u(2)?
1
Let q be 890/8*(14 - 5 - 5). What is the tens digit of (4 - (-120)/(-25))*q/(-2)?
7
Suppose 8*a + 284 = 8460. What is the hundreds digit of a?
0
Let q = 33 + -25. Suppose f = -3*d + 49 + 43, q = -2*f. What is the units digit of d?
2
Let g(b) = -b**3 - 9*b**2 + 10*b + 12. What is the units digit of g(-13)?
8
Let u be ((-19)/2*-2)/1. Suppose u*f = 17*f. Suppose v - 3*d - 24 = 12, 5*v - 2*d - 167 = f. What is the units digit of v?
3
Let m(k) be the third derivative of k**4/8 + k**3/6 + 31*k**2. Let q(z) = z**3 - 8*z**2 + z - 7. Let p be q(8). What is the units digit of m(p)?
4
Let h(r) = -r**2 - 15*r - 3. Let b be 5/3*3/1. Suppose b*z + 30 = -3*w + 9, -w = 4*z. What is the tens digit of h(w)?
3
Suppose -3364*r + 3367*r = 10047. What is the tens digit of r?
4
Let c = 1125 + -24. What is the units digit of c?
1
Suppose -3*f = f. Suppose 15*z - 23*z + 136 = 0. Suppose f*a + a = z. What is the units digit of a?
7
Let o(c) = 2*c**3 - 7*c**2 + 4*c - 33. What is the hundreds digit of o(8)?
5
Let x(d) = 243*d + 18. What is the units digit of x(5)?
3
Suppose -2*s = -5*h - 3*s + 11, 0 = -2*h - 4*s + 8. Suppose -2*r - h*k + 16 = -122, 0 = -3*r + 5*k + 191. Suppose -3*v + r = -26. What is the units digit of v?
1
Let f = 28 - 21. Suppose 2*w = -3*o + 69, -f*w = -3*w + o - 153. Let r = w + -9. What is the tens digit of r?
3
Let y(x) = 259*x - 1. Let g be y(-2). Let d be g - (0 + (0 - 3)). What is the units digit of 2/3 + d/(-9)?
8
Suppose -4*y - 200 = 2*k + 3*k, -2*y - 3*k = 102. Let l = -27 - y. What is the tens digit of ((-42)/l)/((-2)/12)?
1
Let b = 10 - 11. Let q = b - 5. Let s = q - -16. What is the units digit of s?
0
Let y = -9 - -8. Let w be (5/(-3) - y)*-12. Suppose -3*u - 27 = -w*u + 3*m, 9 = 2*u - 3*m. What is the units digit of u?
6
Let k = -133 - -136. Suppose 386 = 2*a - 5*d, k*d = 3*a + d - 579. What is the units digit of a?
3
Let t(r) = -5*r**2 - r + 127. What is the hundreds digit of t(0)?
1
Let d(x) = -3*x - 35. Let q be d(-13). Suppose -2*p - 3*p + 260 = -s, -5*p = q*s - 235. Wh